hat is the highest common factor of z and q?
18
Let t = 477 - 445. Suppose o = g + 15, -4*o = -2*g - 56 - 6. Calculate the highest common divisor of o and t.
16
Let l(h) = -4*h - 10. Let c be l(-5). Suppose -p - c = -22. Calculate the highest common divisor of p and 132.
12
Let s(u) = 4*u**2 + 44*u + 316. Let l be s(-11). Calculate the greatest common factor of 4 and l.
4
Let i(j) = -j**3 + 9*j**2 + j + 1. Let p be i(8). Suppose -35 - p = -4*o. Calculate the highest common factor of 9 and o.
9
Suppose 0 = u - 491 + 5. What is the greatest common divisor of 36 and u?
18
Suppose 3*v = -4*y + 814 + 1261, 0 = -3*y + 2*v + 1552. What is the highest common divisor of 70 and y?
14
Suppose 0 = -3*u + 17 + 4. Suppose 0 = -3*v + v. Suppose v*z + 3*z - 63 = 0. What is the greatest common divisor of z and u?
7
Let h be 2/8 + 433/(-4). Suppose -2*p + 3*w + 179 = -3*p, p = 3*w - 149. Let m = h - p. Calculate the highest common factor of m and 84.
28
Let u = 353 + -56. Suppose -2*j + 60 = -0*j + 3*x, -2*j = 4*x - 62. What is the greatest common divisor of j and u?
27
Suppose 5*l - 11 = -56. Let c = l - -45. Calculate the greatest common factor of c and 9.
9
Suppose 19*j = -19*j + 16872. What is the highest common divisor of j and 12?
12
Let h = -35 - -52. Suppose -4*f + b - 3 = -f, 0 = -5*f - b + 3. Let u(v) = v**2 + v + 136. Let a be u(f). Calculate the greatest common divisor of h and a.
17
Let q = 8 + 13. Suppose -2*i + 28 = 3*f, i - 5*f - 19 = q. Calculate the greatest common divisor of i and 140.
20
Let x = -146 - -155. What is the greatest common divisor of x and 15?
3
Let t(l) = -3*l - 25. Let u be t(6). Let k = -41 - u. Calculate the greatest common divisor of k and 2.
2
Let t = 12 + -8. Let l be t/6*63/2. Suppose 3*i - 12 = -i. What is the greatest common divisor of i and l?
3
Let o(g) be the third derivative of g**5/60 - 13*g**4/24 + 11*g**3/3 + 53*g**2. Let t = 34 + -19. Let j be o(t). What is the highest common factor of j and 13?
13
Let y = 156 + -147. What is the greatest common divisor of y and 4?
1
Let o(d) = 4*d**2 + 2*d - 12. Let g be (-78)/(-13)*(-4)/(-6). Let v be o(g). What is the highest common divisor of v and 15?
15
Suppose -10*g = -6*g - 16. Calculate the greatest common factor of 3 and g.
1
Let b be (43472/(-912))/(1 + 14/(-12)). Calculate the highest common divisor of 429 and b.
143
Let b = -52 + 96. Suppose r = 3*g, -2*r + 4*g = 2*r - 8. Let n be ((-54)/(-45))/(r/10). Calculate the highest common factor of n and b.
4
Let j(u) = -u**2 - 6*u + 4. Let m be j(-5). Let w(i) = -3*i + 63. Let q be w(18). What is the greatest common divisor of q and m?
9
Let k = -27 + 23. Let o be k/26 + 1694/26. Suppose -5*m - o = -3*f, 0 = -2*f - 2*f - m + 79. What is the greatest common divisor of 50 and f?
10
Let x(h) = -h**3 - 13*h**2 + 10*h - 54. Let s be x(-14). What is the greatest common factor of 64 and s?
2
Suppose 9*r - 119 = 808. What is the greatest common divisor of 927 and r?
103
Let b be 1*5*(0 + 3/15). Let y = 10 + -1. Let u = 0 + y. What is the greatest common factor of b and u?
1
Let b = -17 - -55. Suppose 34*d = b*d - 700. What is the highest common factor of d and 25?
25
Suppose -5*i = -8*i + 12. Suppose -l + 180 = 5*t, 2*l - 338 = -i*t + 22. What is the greatest common divisor of 45 and l?
45
Let y(u) = u**2 - 8*u - 5. Let w be y(9). Suppose 4*r + 76 = g - 30, w*g - 376 = 4*r. What is the greatest common divisor of 10 and g?
10
Let z(k) = k**3 - 3*k**2 + 3*k - 5. Let v be z(2). Let u(t) = 3*t**2 + 12. Let l be u(v). What is the greatest common divisor of 26 and l?
13
Let m be 4/(-2 + 5 + -2). Suppose -3*y - 15 = 0, -5*y + 4*y = m*f - 67. Let h be (-12)/f + (-32)/(-3). Calculate the greatest common factor of h and 50.
10
Let t(y) = -5*y**3 + y**2 - y - 4. Let j be t(-2). What is the highest common divisor of 105 and j?
21
Let m = 1201 + -1006. Calculate the greatest common divisor of 234 and m.
39
Let m = -2088 - -2358. What is the highest common divisor of m and 10?
10
Let m be 2/3*(-21)/(-2). Suppose 4*x - 61 = -u, 16*x - 17*x + 4*u = 6. What is the highest common factor of x and m?
7
Suppose -2*z + 4 = -q + 3, -2 = z + 2*q. Let k(f) = -f**2 - 5*f + 10. Let u be k(z). What is the greatest common divisor of 90 and u?
10
Suppose 2*z = 17 + 51. Let m = 573 + -392. Suppose 6*y = 487 - m. Calculate the greatest common divisor of z and y.
17
Let j = 234 - 212. Calculate the highest common factor of 264 and j.
22
Let g(q) = q**2 + 21*q + 96. Let m be g(-16). What is the greatest common factor of 112 and m?
16
Let v(o) = 57*o + 2. Let z(r) = -19*r - 1. Let a(f) = 2*v(f) + 7*z(f). Let u be a(-3). Suppose u = 3*d - 24. Calculate the greatest common divisor of d and 234.
26
Suppose 4*b - 9 = 7, 0 = 3*v - 4*b - 212. Let j = v + -66. What is the greatest common divisor of j and 30?
10
Let r(x) = x**3 - 6*x**2 + 4*x + 4. Let v be r(6). What is the highest common divisor of v and 238?
14
Let p = -2 - -2. Suppose 1640 = -4*r + 9*r - 2*h, r - h - 325 = p. Calculate the highest common divisor of 30 and r.
30
Suppose -2 - 6 = -2*o. Suppose 43 = o*u - 5. Let m = 99 - 51. What is the greatest common factor of m and u?
12
Let k = 44 + -50. Let h(d) = -d - 1. Let a(j) = 10*j - 15. Let x(i) = -a(i) + 6*h(i). Let z be x(k). What is the highest common divisor of 42 and z?
21
Suppose 0 = 30*l - 28*l - 8. Suppose l*t = 2*t, 4*k - 352 = 3*t. What is the greatest common divisor of 11 and k?
11
Suppose 0 = 3*d - 6*d + 6. Let z = 32 + -30. Suppose 0 = 3*y + 2*g - 7, 3*y + z*g = 5*g + 27. What is the highest common factor of d and y?
1
Let v be 12/10*(-10)/(-6). Suppose -15 = -0*f + 3*f, -2*w + 2*f - v = 0. Let b be w*(-2)/(-4) + 21. Calculate the highest common divisor of b and 90.
18
Let k = 1 + 3. Suppose -12 = o + 5*p, -4*o + 5*p + 57 = k*p. Suppose -5*d = -4*m + 15, -2*m - d + o = 2*d. What is the highest common divisor of m and 25?
5
Suppose -t = -2*a + 9 - 25, t - 3*a = 19. Let l = -14 + t. Let f be -6*((-16)/(-3))/l. What is the highest common factor of f and 88?
8
Let w = 17 + -16. Let n be 13 - 5 - ((-1)/(-1) - w). Calculate the highest common divisor of 24 and n.
8
Let u = -14 + 82. Calculate the greatest common factor of u and 51.
17
Let j be (38/4 + -8)/(15/80). Calculate the greatest common factor of j and 292.
4
Let q = -1235 + 1250. Let k(x) = -2*x - 1. Let c be k(-5). What is the greatest common factor of c and q?
3
Suppose -5*o = -150 - 125. Let y = o + -29. Calculate the highest common divisor of 182 and y.
26
Let j = -4363 - -4369. Let g(c) = -c**2 - 4*c - 1. Let y be g(-3). Suppose 4*n + y - 74 = 0. Calculate the highest common divisor of n and j.
6
Let o be (-119 + 8)*(-1 + 2). Let u = -167 - o. Let r = 25 - u. Calculate the greatest common divisor of 9 and r.
9
Let v(g) = 7*g + 35. Let a(d) = -10*d - 52. Let k(m) = -5*a(m) - 7*v(m). Let z be k(0). Calculate the highest common divisor of z and 150.
15
Suppose -m + 12 = 3*g, g + m - 8 = -g. Suppose -4*i = -6*i - g. Let z be i/4 - (-282)/4. Calculate the greatest common factor of z and 10.
10
Let f = -3303 + 7957. What is the highest common divisor of 26 and f?
26
Let b(x) = -x**3 - 15*x**2 - 18*x - 30. Let l be b(-14). Let i = -5 + 18. Calculate the highest common factor of l and i.
13
Suppose -4078 = -34*r - 882. Calculate the greatest common factor of r and 1034.
94
Let m = 9 - 9. Suppose 3*f + 2*d - d = 22, m = -f + 2*d + 12. What is the greatest common divisor of 56 and f?
8
Suppose -3*y + 16 + 56 = 0. Let b(o) = -4*o + 32. Let s be b(-7). What is the greatest common divisor of s and y?
12
Let o be (-4)/(3*(-6)/18). What is the greatest common divisor of o and 100?
4
Suppose s + 2*u + 0*u + 268 = 0, 0 = 5*s + u + 1349. Let a be ((-8)/10)/(4/s). Let c = -66 - -72. Calculate the highest common divisor of a and c.
6
Suppose 0 = -10*r + 22*r - 144. Suppose -5*t = -4*v - 8 + 43, -4*v - 5*t + 85 = 0. What is the highest common divisor of r and v?
3
Suppose 3*f = 154 + 134. Suppose 0 = 2*q + 3*i - 30, -3*q + 66 = 4*i - 3*i. What is the greatest common factor of q and f?
24
Let r(h) = h**3 - 5*h**2 + 3*h + 16. Let u be r(5). Calculate the greatest common divisor of 434 and u.
31
Suppose -3*i - 3*y + 53 = -100, -3*i + 145 = -y. What is the greatest common divisor of 63 and i?
7
Let b be (2 - 7